))?
3
Suppose 2*n - 2 - 6 = 0. Let t be -8 - -3 - (-8 + 1). Suppose -j + 4*j - 27 = -n*s, -t*j = 2*s - 16. What is the units digit of s?
3
Let j(v) = -v**3 - 7*v**2 + 6*v - 11. Let u be j(-8). Let q be (1 - -124) + (0 - -1). Suppose -h + q = u*h. What is the units digit of h?
1
Suppose 0 = 4*g + 353 - 25. Let n = -47 - g. What is the tens digit of n?
3
Let b(h) = -h - 1. Let x(o) = -4*o - 22. Let n(v) = -5*b(v) + x(v). Let z be n(14). Let r(m) = -5*m - 1. What is the tens digit of r(z)?
1
Suppose -1344 = -2*l - 4*c + 2*c, 0 = -2*l - c + 1339. What is the tens digit of l?
6
What is the thousands digit of 2187 + 1/((-161)/(-28) + -6)?
2
Suppose 0 = -2*s - s + 510. Let i = s + -101. What is the tens digit of i?
6
Let l(y) = 3*y**2 - 2*y - 5. Let z be l(-13). Suppose -7*r + 3*r = -z. What is the hundreds digit of r?
1
Let w(v) = v**3 + 9*v**2 + 8*v - 8. Let x be w(-8). Let m(g) = -8*g**2 - 5*g - 7. Let r be m(5). What is the tens digit of (2 - 1)/(x/r)?
2
Let t(m) = 119*m**2 + 7*m. Let r be t(-4). Suppose 728 + r = 14*u. What is the tens digit of u?
8
What is the hundreds digit of 42/49*2051*3/18?
2
Let x be (1 - -26)*(-4)/(-12). Suppose x = -4*p - i, 4*p - 4*i - 8 = 6*p. What is the tens digit of 34 - ((p - -6) + -1)?
3
Let p(u) = u**3 + 5*u**2 + 4. Let j(t) = t**2 + 6*t + 3. Let h = -9 + 5. Let n be j(h). What is the units digit of p(n)?
4
Let q = -10 + 13. Suppose -q*b - 2*o + 2 + 14 = 0, -5*b = -2*o. Let n(g) = g**3 + g + 1. What is the units digit of n(b)?
1
Let n be (-3)/6*2 + (-2 - 12). Let y(p) = -p**3 - 15*p**2 - 2*p + 2. What is the tens digit of y(n)?
3
Suppose -2*y = 6*y - 4632. Suppose 5*d - k - y = d, -2*k = 3*d - 437. What is the tens digit of d?
4
Suppose 2*w + 11 + 11 = 5*q, 2*w + 4 = 2*q. Let g(n) = -2*n + 2 + 2*n**2 + 5*n**2 - q*n**2. What is the units digit of g(6)?
6
Suppose -3*i + i = -8. Let r be 5/(-3 + i) + 2. Suppose r*l - 24 = 6*l. What is the units digit of l?
4
Let a(y) = y**3 - 13*y**2 + 12*y + 5. Let g be a(12). Suppose -g*v - 5 = -50. Suppose v*p - 40 = 4*p. What is the units digit of p?
8
Let w be (-1)/(-3)*876/4. Let b = 101 - w. What is the units digit of b?
8
Suppose 2*m + m - 9 = 0. Let g be (-146)/(-6) + (-1)/m. Suppose -42 = -f - 5*u, 4*f - 2*u - g = 34. What is the units digit of f?
7
Let h be (9/(-45))/((-1)/15). Suppose 0 = -2*a - 3*f + 44 + 76, 51 = a - h*f. What is the tens digit of a?
5
What is the tens digit of (-20)/(-120) + (-3125)/(-6)?
2
Let s(c) = c**2 - 7*c - 2. Let j be s(8). Suppose -7*v = -8*v - j. What is the units digit of (-245)/(-9) + v/27?
7
Suppose o + 25 = 30. Suppose 8 = -m + o*m. Suppose m*w = 104 + 16. What is the tens digit of w?
6
Suppose -18 = -10*u + 8*u. Suppose u*x - 14*x = -405. What is the tens digit of x?
8
Let r(x) = x + 5. Let h be r(-5). Suppose -5*f + 4*t + 0*t + 266 = h, 2*f = -3*t + 111. What is the tens digit of f?
5
Let a(w) = 6*w**3 + 18*w**2 - 12*w + 19. What is the hundreds digit of a(8)?
1
Let h(y) = -24*y - 3. Suppose -7*w + 115 = -2*w - 4*f, -3*f - 46 = -2*w. Let t = 21 - w. What is the tens digit of h(t)?
4
Let x be (-52)/(-182) + (-13193)/(-7). Suppose 6*v + 223 = x. What is the tens digit of v?
7
Let y be (-25)/(-20) - (-2)/(-8). Let l(h) = 4*h. Let k be l(y). What is the units digit of 48/40*10/k?
3
What is the tens digit of (-8)/(-200)*5 - (-9848)/10?
8
What is the hundreds digit of 1303 + 3/(-2)*(-112)/(-42)?
2
Suppose -1 = i - 491. What is the hundreds digit of i?
4
Let x be (-18 + 0)*(-6)/18. Let l = x + -2. Suppose 0 = w + 5*p - 3, w = l*w - p - 25. What is the units digit of w?
8
Let a = 1688 - 481. What is the units digit of a?
7
Let u(c) = -216*c**3 - 4*c**2 - 7*c - 18. What is the hundreds digit of u(-2)?
7
Suppose -2*j = -2*s + 296, -154 = j + 3*s - s. Let i = j - -211. What is the tens digit of i?
6
Let v(a) = -a**3 - 19*a**2 + a + 27. Suppose -95 = 11*h - 6*h. Let o be v(h). Suppose -4*w = -4, -o*w + 3*w + 50 = 3*b. What is the units digit of b?
5
Suppose 2*j + 9 = 17. Suppose 0 = -2*y - 5*k + 46 + 33, k = -j*y + 185. Let q = y + -22. What is the tens digit of q?
2
Suppose c + 915 = 2308. Suppose -18*t - c = -25*t. What is the tens digit of t?
9
Let l = 854 + 1276. What is the hundreds digit of l?
1
Let j(g) = 3*g**2 + g - 2. Let x be j(-2). Let y be (-3)/2*x/(-4). Suppose -y - 3 = -c. What is the units digit of c?
6
Let y(g) = 13*g**3 - 2*g**2 + 3*g - 2. Let v be y(1). Let s be (-3)/((-6)/10) + 1. Let q = v - s. What is the units digit of q?
6
What is the hundreds digit of ((-11475)/(-24) + -4)*152/19?
7
Let q(a) = a**3 - 25*a**2 - 11*a + 63. What is the tens digit of q(26)?
5
Suppose 385 + 77 = -14*s. Let d = s + 46. What is the units digit of d?
3
Suppose -5*k - 5228 = -3*r, 0 = -19*r + 23*r + 4*k - 6992. What is the thousands digit of r?
1
Let x be (108/8)/9*2. What is the tens digit of 0 + 37 + x + 0?
4
Suppose 4*g + 4 = 0, -5*d + 31 = 2*g + 78. Let j = d - -12. Suppose l = j*l - 46. What is the tens digit of l?
2
Let r(u) = -12*u. Let g(k) = -4*k + 13. Let s be g(4). What is the tens digit of r(s)?
3
Suppose 4*k = 3*d - 18, -6*d + 4 = -2*k - 2*d. Let s be k/(-33) + (-93)/(-33). Suppose 15 = s*u - 108. What is the tens digit of u?
4
Let n be -6*(-4)/3 - 0. Let y = 5 - n. What is the units digit of y - (-4)/4 - -3?
1
Suppose 5*b + 91 - 3261 = 0. What is the hundreds digit of b?
6
Let p = 855 - -758. What is the tens digit of p?
1
Let p(l) = l**3 - l + 44. What is the units digit of p(0)?
4
Let c = 780 + 355. What is the thousands digit of c?
1
Let i(q) = 21*q + 4. Let k be i(1). Let o = -14 + k. What is the units digit of o?
1
Let r(h) be the first derivative of 21*h**4/2 - h**3/3 - h**2/2 + h + 11. What is the units digit of r(1)?
1
Let a(r) = 31*r**2 - 11. Let w(l) = 435*l**2 - 155. Let b(c) = 85*a(c) - 6*w(c). What is the tens digit of b(2)?
9
Let o = 342 + -110. What is the units digit of o?
2
Let f(v) = 10*v**2 - 3*v - 99. What is the tens digit of f(-8)?
6
Let n be 4/(-18) + (-1055)/(-9). Let y = n - 7. What is the hundreds digit of y?
1
What is the tens digit of ((-480)/(-112))/((-1)/(-462))?
8
Let g(v) = -26*v**3 - v**2 - v. Let t(h) = -h + 24. Let w be t(25). What is the units digit of g(w)?
6
Suppose 3*i = -i + 16. Let g(r) = -i - 2*r - r**2 - 2*r - r + 8. What is the units digit of g(-4)?
8
Let z = 17 + -23. Let p = 5 + z. What is the tens digit of (22 - p) + 7 + -3?
2
Suppose -30 = -10*j + 13*j. Let g = j - -44. Let d = 71 - g. What is the units digit of d?
7
Let h(n) = -335*n - 12. Let v be h(2). Let a = v + 967. What is the tens digit of a?
8
Let f = 972 + -581. Let d = -198 + f. What is the tens digit of d?
9
Suppose g - 3*d - 2 = 0, -3*g - 2 = -4*g - 4*d. Let j(t) = 9*t**3 - t**2 + 2*t - 2. Let f be j(g). Suppose -2*h + 4*h = f. What is the units digit of h?
5
What is the tens digit of -11*175/(-1) - -4?
2
Let r = 366 - 285. What is the tens digit of r?
8
Suppose 2*n - 459 = 3*p + 260, -1785 = -5*n + 5*p. What is the units digit of n?
2
Suppose 2*c = 4*c + 8. What is the tens digit of c/16 + 795/12?
6
Suppose -2*m = -3*a - 1417, 0 = -3*m + 8*m + 5*a - 3480. What is the hundreds digit of m?
7
Let l = 116 + -52. Let q be ((-336)/l)/((-2)/56). Suppose -4*z + q = 3*x, -2*z + 75 = 5*x - 184. What is the tens digit of x?
5
Suppose -v + 4*w = -121 - 237, 2*v - 2*w - 734 = 0. What is the tens digit of v?
7
Let m(u) = u**3 + 5*u**2 - 7. Suppose 0 = -0*n - 4*n - 20. Let l be m(n). What is the units digit of (-58)/l + (-2)/7?
8
Let h = -304 + 642. What is the units digit of h?
8
Suppose -r + 5*h = -65, 4*h = -3*r + h + 231. Suppose 4*p + 12 = 0, -3*p - 11 = -i - p. Suppose 5*t = r + i. What is the units digit of t?
6
Let q(y) = 2*y**2 + 9*y + 1. Let o(p) = p**2 + 1. Let b(t) = 3*o(t) - q(t). Let i be b(8). Let g(k) = 2*k**2 + 7*k - 5. What is the tens digit of g(i)?
2
Let r(l) = -2*l**3 - l**2 + 22*l - 13. What is the hundreds digit of r(-6)?
2
Let j = 13 + -6. Suppose -f = -3*p - 16, -4*f + 6 = -p - 14. Let y = j + p. What is the units digit of y?
3
Let o(w) = 6 + 7 + 9 + w + w**2 - 23. What is the units digit of o(-5)?
9
Suppose -5*i = 2*w + 276, i - 5*w + 2*w + 45 = 0. Let f = 84 + i. Suppose 3*c + f = 8*c. What is the units digit of c?
6
Let f = -338 - -169. Let j = -32 - f. What is the hundreds digit of j?
1
Suppose -2*y = -5*